
List the prime factors of ((-9)/((-36)/(-9545)))/(1*3/(-12)).
5, 23, 83
Suppose 191*x - 4 = 189*x. Suppose -4*f = -x*w + 2098, -6*f + 5217 = 5*w - 9*f. List the prime factors of w.
3, 347
Let v(t) = 316*t - 3616. List the prime factors of v(40).
2, 3, 47
Let m = 1 + -5. Let n be m/(4 - 5) - -28. Suppose -13*w = -12*w - n. List the prime factors of w.
2
Suppose 9*v - 28 = 2*v. Suppose -8*t = -v*t. Let i(p) = p**3 - p + 12. List the prime factors of i(t).
2, 3
Let m = 8898 + 17005. List the prime factors of m.
25903
List the prime factors of -3 + (3581 - 1)/(7/(126/6)).
3, 1193
Let t be (-6)/(-8)*(-58512)/(-828). Suppose 2*w + 2 = 3*o, 0 = -w + o - 2*o - 11. Let s = t + w. What are the prime factors of s?
2, 23
Let b(n) = 51*n**2 + 31*n + 273. List the prime factors of b(-9).
3, 5, 11
Let k(z) = 222*z**2 + 1. Let p be k(-2). Let t = -186 + p. List the prime factors of t.
19, 37
Let x(a) = -6*a - 4. Let i be x(-1). Suppose -i*c = 0, -208 = -4*d - c + 2*c. Suppose 3*s + 4*v = 29, 5*s = 3*v - 6*v + d. List the prime factors of s.
11
Suppose -37*q - 4012 = -33*q. List the prime factors of (-21)/(-84) - q/4.
251
Suppose 5*p - 2 = 8. Suppose 2*o - 12 = -o + 3*a, -4*a + 2 = p*o. List the prime factors of (-12 + 3)*o*-1.
3
Suppose -4*u - 144 = d, 5*u = -4*d + 88 - 708. Let o = d + 468. List the prime factors of o.
2, 7, 11
Suppose 5*h + 11 + 12 = 3*r, 4 = 4*r. Let y(b) = -5*b**3 + b**2 + 6*b + 4. List the prime factors of y(h).
2, 79
Let q = 24291 - -18665. List the prime factors of q.
2, 10739
Suppose -65*c = 66*c - 4427800. List the prime factors of c.
2, 5, 13
What are the prime factors of ((1 + -13383)*(-76)/456)/((-1)/(-12))?
2, 6691
Let h(c) = 6*c**2 - 29*c - 3. Let l be h(5). List the prime factors of 24/18*2061/l.
2, 3, 229
Suppose -74 - 94 = -7*p. Suppose p = -5*b - 3*b. List the prime factors of ((-5256)/42)/b - 2/(-7).
2, 3, 7
Let y be (-1 - 0) + -3 + (3 - 5). Let c(j) = -j**3 - 5*j**2 - 6*j + 6. Let d be c(y). List the prime factors of (-1)/(-4)*d*4.
2, 3, 13
Suppose -2*m = 2*k - 36552, -11*m + 73104 = 4*k - 10*m. List the prime factors of 4/(-32) + k/32.
571
Let n be (11/(-1))/(3/219). Let x = n - -1231. What are the prime factors of -3 - 15/(-10)*x/6?
2, 13
Let p = 34371 + -21860. What are the prime factors of p?
12511
Let v(w) = -w**3 + 79*w**2 - 323*w - 618. What are the prime factors of v(67)?
73, 433
Suppose -3995*s + 3970*s = -59375. List the prime factors of s.
5, 19
Suppose 73*p = -4*p + 5164335 + 792770. List the prime factors of p.
5, 15473
Let r(k) = -2*k**3 - 5*k**2 - 2*k - 3. Let a be r(-3). List the prime factors of 0 + (-237 - a)*4/(-6).
2, 83
Let r be ((-5)/(-30))/((-1)/2)*-192. Suppose 69*q - 1060 = r*q. List the prime factors of q.
2, 53
Let n be 1/21*-3 + (-461)/7. Let x = -11 - n. Suppose r - 61 = 2*q, -2*q + 249 = 4*r + x. List the prime factors of r.
3, 17
Let r = 92695 - 58441. What are the prime factors of r?
2, 3, 11, 173
Let a(s) = s**2 - 3*s - 4. Let i be a(3). Let z(u) = u + 7. Let j be z(i). Suppose -j*k + 56 + 187 = 0. List the prime factors of k.
3
Let q = 828 + -2126. Let o = -895 - q. What are the prime factors of o?
13, 31
Let o be ((-3 - -2) + 2)/((-3)/(-51)). Suppose 0 = 20*d - o*d - 2277. What are the prime factors of d?
3, 11, 23
Let h = 352 + -312. Suppose -500 + h = -k. What are the prime factors of k?
2, 5, 23
Suppose -614611 + 29827 = -72*g. What are the prime factors of g?
2, 31, 131
List the prime factors of (138813970/(-403))/(-10) + (6/(-13))/3.
5, 83
Suppose -7*j + j - 2190 = 0. List the prime factors of 2 + 2 - (j - -2).
367
Let c(v) = -160*v + 86 - 46 - 50. Let w be c(-8). Suppose 0 = -12*r + w - 34. List the prime factors of r.
103
Let j be 20 + (-3 - (4 - 7))*1. Suppose -d - 62 = j. Let l = -61 - d. List the prime factors of l.
3, 7
Let s(o) = -o**3 + 5*o**2 - 3*o - 4. Let p be s(3). Let m be (p/(-20)*-4)/((-1)/7). What are the prime factors of 348*(m/(-3))/7?
2, 29
Suppose -4*s + 5*m + 826 = 187, 3*m + 9 = 0. Suppose 50*q = 48*q + s. List the prime factors of q.
2, 3, 13
Let j(s) = 22*s - 8 - 13*s + s**2 + 16. Let y be j(-8). Suppose y = z - 14 - 28. What are the prime factors of z?
2, 3, 7
Let h = 47 - 43. Suppose h*t = -3*i - 0*i + 40, 4*i = -5*t + 51. Suppose -t*w = 2*w - 999. What are the prime factors of w?
3, 37
List the prime factors of 19263 - 4*(-20)/10 - 1*6.
5, 3853
Let s(q) = q + 72. Let z be s(-8). List the prime factors of 6/8 - (-30160)/z.
2, 59
Let a be ((-2)/3*5)/((-2)/3). Suppose 15 = -a*u + 70. Suppose 0 = u*h - 190 - 2791. What are the prime factors of h?
271
Let a(r) = -r + 2. Let i be a(4). Let t = i - -33. Suppose t + 15 = z. What are the prime factors of z?
2, 23
Suppose 0*q + 5*q = 0. Suppose q = 2*f + 10, -5 = 4*x - 6*x - f. Suppose 0 = -x*l + 2*o + 164, 0 = -2*l + 5*l + 4*o - 114. What are the prime factors of l?
2, 17
List the prime factors of (-4)/(-12) - (-155440)/6 - (-20 + 18).
13, 1993
Let l(s) be the second derivative of 7*s**4/12 - 5*s**3/6 + s**2/2 - 10*s - 3. List the prime factors of l(5).
151
Suppose 2515 - 283 = 31*o. What are the prime factors of o?
2, 3
Let p = -5 - -8. Suppose -5*z + 6 + 5 = 4*q, 3*q - 9 = -p*z. Suppose 5*a - q*j - 276 = a, -3*j + 290 = 4*a. What are the prime factors of a?
71
Let q(u) = 25*u. Let f be q(-5). Let c be (-772)/(-5) - 75/f. Let i = 225 - c. List the prime factors of i.
2, 5, 7
Let f(k) = -9*k + 18. Let c be f(2). Suppose c = -2*z - 4, -12*z + 14*z = -2*m + 1642. What are the prime factors of m?
823
Let d = -20032 - -21885. List the prime factors of d.
17, 109
Suppose -75*a = -69*a - 13800 - 9744. What are the prime factors of a?
2, 3, 109
What are the prime factors of ((-4)/(-1))/(2*12/78396)?
2, 47, 139
Let i = -91 - -93. Suppose -443 = i*a - 1129. What are the prime factors of a?
7
Suppose 25*x + 492 = 19*x. Let a = x + 85. What are the prime factors of (a/2)/((-9)/(-1590))?
5, 53
Let m be (-670)/(-6)*882/245. Let g = -138 + m. List the prime factors of g.
2, 3, 11
Let j(g) be the third derivative of -g**6/120 - 31*g**5/60 - 3*g**4/8 + 31*g**3/3 + 23*g**2. What are the prime factors of j(-31)?
11, 31
Let g be -3 - (180*-1)/4. Let w = -39 + g. Suppose -93 + 264 = w*i. What are the prime factors of i?
3, 19
Let a(k) = 4*k - 13. Let w(y) = y. Let n(u) = -a(u) + 3*w(u). Let j be n(4). Suppose -j*b + 10*b - 54 = 0. What are the prime factors of b?
2, 3
Suppose -4*f + 5*b = -455, -4*f + 5*b = -9*f + 625. Let l = f + -117. What are the prime factors of 810/l + 3/(6/8)?
2, 137
Suppose -19458 = -5*k - 2218. Suppose 0 = 10*t - k - 1692. What are the prime factors of t?
2, 257
Let z(o) = 17*o. Let p be z(6). Let r(i) = -134*i + 8. Let f be r(1). What are the prime factors of (p/2)/((-54)/f)?
7, 17
Let y be (-28)/10*(-15)/2*2. What are the prime factors of (y/63)/((-2)/(-2817))?
3, 313
Suppose -7*x = 31403 - 131957 - 82328. What are the prime factors of x?
2, 13063
Let i(m) = m**3 - 32*m**2 + 61*m - 30. Let y be i(30). Suppose y = 31*o - 26*o - 3710. What are the prime factors of o?
2, 7, 53
Suppose 2*d - 8 = -4*y + 6, -3*d + 4*y + 31 = 0. Suppose 6*f - d*f + 1371 = 0. List the prime factors of f.
457
Suppose x - 373443 = -12*x - 8*x. List the prime factors of x.
17783
Let a be (1 - 2) + -8 + -995. Let x = a + 1544. What are the prime factors of x?
2, 3, 5
Let b(o) be the third derivative of -o**6/120 + 49*o**5/60 + 31*o**4/12 - 13*o**3/2 + 137*o**2. List the prime factors of b(50).
3, 11, 17
Suppose 0 = 4*b - 81805 - 12791. What are the prime factors of b?
3, 7883
Let u be 1362/16*2 + (-1)/4. Suppose -429 = -d + u. List the prime factors of d.
599
What are the prime factors of (30784/4 - 12) + -3?
7681
Let r(v) = 105*v - 81. Let z be r(7). Suppose 2*d - z = p + 513, -3*p + 3 = 0. List the prime factors of d.
2, 73
Let w be 1 - 2/8 - (-884)/272. Suppose -8*x + 2464 = 2*a - w*x, -4*a = -3*x - 4917. List the prime factors of a.
2, 3, 5, 41
Let w = -21 + -33. Let p = w - -121. What are the prime factors of p?
67
Suppose -5*q = -25, 0*u + 19 = -2*u + 5*q. Suppose -u*k - 57 + 861 = 0. Suppose 0 = -c - 74 + k. List the prime factors of c.
2, 97
Let v = 6466 + -6004. Suppose -3*d - 4*k - k = -31, 0 = 2*d + 3*k - 19. Suppose -d*q = -3*m - 294, -v = -3*q + m - 14. What are the prime factors of q?
2, 3, 5
Suppose 0 = 7*u + 72 - 32